{"id":1256,"date":"2026-02-14T16:41:53","date_gmt":"2026-02-14T15:41:53","guid":{"rendered":"https:\/\/nadace.gymspk.cz\/?page_id=1256"},"modified":"2026-02-14T16:48:31","modified_gmt":"2026-02-14T15:48:31","slug":"kontakty","status":"publish","type":"page","link":"https:\/\/nadace.gymspk.cz\/?page_id=1256","title":{"rendered":"Kontakty"},"content":{"rendered":"\n<h2 class=\"wp-block-heading\">Nada\u010dn\u00ed fond p\u0159i Gymn\u00e1ziu \u0160umperk<\/h2>\n\n\n\n<p>Adresa: Masarykovo n\u00e1m. 8., 787 01 \u0160umperk<br>I\u010cO: 258 525 74<\/p>\n\n\n\n<p>Datov\u00e1 schr\u00e1nka: i3b59sp<br>\u010c\u00edslo \u00fa\u010dtu: 167036080 \/ 0300 (\u010cSOB)<\/p>\n\n\n\n<div style=\"height:36px\" aria-hidden=\"true\" class=\"wp-block-spacer\"><\/div>\n\n\n\n<p><strong>Mgr. Lenka Hegerov\u00e1<\/strong> &#8211; <strong>p\u0159edsedkyn\u011b spr\u00e1vn\u00ed rady<\/strong><\/p>\n\n\n\n<ul class=\"wp-block-list\">\n<li>hegerova@gymspk.cz<\/li>\n\n\n\n<li>588 188 501<\/li>\n<\/ul>\n\n\n\n<p><strong>Ond\u0159ej Hampl<\/strong> &#8211; <strong>koordin\u00e1tor aktivit Nada\u010dn\u00edho fondu<\/strong><\/p>\n\n\n\n<ul class=\"wp-block-list\">\n<li>hampl@gymspk.cz<\/li>\n\n\n\n<li>721 566 543<\/li>\n<\/ul>\n\n\n\n<p><\/p>\n","protected":false},"excerpt":{"rendered":"<p>Nada\u010dn\u00ed fond p\u0159i Gymn\u00e1ziu \u0160umperk Adresa: Masarykovo n\u00e1m. 8., 787 01 \u0160umperkI\u010cO: 258 525 74 Datov\u00e1 schr\u00e1nka: i3b59sp\u010c\u00edslo \u00fa\u010dtu: 167036080 &hellip; <\/p>\n","protected":false},"author":1,"featured_media":0,"parent":0,"menu_order":0,"comment_status":"closed","ping_status":"closed","template":"","meta":{"footnotes":""},"class_list":["post-1256","page","type-page","status-publish","hentry","latest_post"],"_links":{"self":[{"href":"https:\/\/nadace.gymspk.cz\/index.php?rest_route=\/wp\/v2\/pages\/1256","targetHints":{"allow":["GET"]}}],"collection":[{"href":"https:\/\/nadace.gymspk.cz\/index.php?rest_route=\/wp\/v2\/pages"}],"about":[{"href":"https:\/\/nadace.gymspk.cz\/index.php?rest_route=\/wp\/v2\/types\/page"}],"author":[{"embeddable":true,"href":"https:\/\/nadace.gymspk.cz\/index.php?rest_route=\/wp\/v2\/users\/1"}],"replies":[{"embeddable":true,"href":"https:\/\/nadace.gymspk.cz\/index.php?rest_route=%2Fwp%2Fv2%2Fcomments&post=1256"}],"version-history":[{"count":3,"href":"https:\/\/nadace.gymspk.cz\/index.php?rest_route=\/wp\/v2\/pages\/1256\/revisions"}],"predecessor-version":[{"id":1262,"href":"https:\/\/nadace.gymspk.cz\/index.php?rest_route=\/wp\/v2\/pages\/1256\/revisions\/1262"}],"wp:attachment":[{"href":"https:\/\/nadace.gymspk.cz\/index.php?rest_route=%2Fwp%2Fv2%2Fmedia&parent=1256"}],"curies":[{"name":"wp","href":"https:\/\/api.w.org\/{rel}","templated":true}]}}