{"id":1401,"date":"2026-03-12T17:03:13","date_gmt":"2026-03-12T16:03:13","guid":{"rendered":"https:\/\/nadace.gymspk.cz\/?page_id=1401"},"modified":"2026-03-12T17:03:14","modified_gmt":"2026-03-12T16:03:14","slug":"kurzy","status":"publish","type":"page","link":"https:\/\/nadace.gymspk.cz\/?page_id=1401","title":{"rendered":"Kurzy"},"content":{"rendered":"\n<p>Kurzy, workshopy, p\u0159edn\u00e1\u0161ky\u2026 To v\u0161e ti nab\u00edz\u00edme a je jen na tob\u011b, \u010demu v\u011bnuje\u0161 sv\u016fj \u010das a energii.<\/p>\n","protected":false},"excerpt":{"rendered":"<p>Kurzy, workshopy, p\u0159edn\u00e1\u0161ky\u2026 To v\u0161e ti nab\u00edz\u00edme a je jen na tob\u011b, \u010demu v\u011bnuje\u0161 sv\u016fj \u010das a energii.<\/p>\n","protected":false},"author":1,"featured_media":0,"parent":0,"menu_order":0,"comment_status":"closed","ping_status":"closed","template":"templates\/template-courses.php","meta":{"footnotes":""},"class_list":["post-1401","page","type-page","status-publish","hentry","latest_post"],"_links":{"self":[{"href":"https:\/\/nadace.gymspk.cz\/index.php?rest_route=\/wp\/v2\/pages\/1401","targetHints":{"allow":["GET"]}}],"collection":[{"href":"https:\/\/nadace.gymspk.cz\/index.php?rest_route=\/wp\/v2\/pages"}],"about":[{"href":"https:\/\/nadace.gymspk.cz\/index.php?rest_route=\/wp\/v2\/types\/page"}],"author":[{"embeddable":true,"href":"https:\/\/nadace.gymspk.cz\/index.php?rest_route=\/wp\/v2\/users\/1"}],"replies":[{"embeddable":true,"href":"https:\/\/nadace.gymspk.cz\/index.php?rest_route=%2Fwp%2Fv2%2Fcomments&post=1401"}],"version-history":[{"count":1,"href":"https:\/\/nadace.gymspk.cz\/index.php?rest_route=\/wp\/v2\/pages\/1401\/revisions"}],"predecessor-version":[{"id":1402,"href":"https:\/\/nadace.gymspk.cz\/index.php?rest_route=\/wp\/v2\/pages\/1401\/revisions\/1402"}],"wp:attachment":[{"href":"https:\/\/nadace.gymspk.cz\/index.php?rest_route=%2Fwp%2Fv2%2Fmedia&parent=1401"}],"curies":[{"name":"wp","href":"https:\/\/api.w.org\/{rel}","templated":true}]}}